{"id":6919,"date":"2022-05-09T09:42:56","date_gmt":"2022-05-09T07:42:56","guid":{"rendered":"https:\/\/couvreur-95-colombus.fr\/?page_id=6919"},"modified":"2025-03-13T20:40:04","modified_gmt":"2025-03-13T19:40:04","slug":"pose-velux-argenteuil-95100","status":"publish","type":"page","link":"https:\/\/couvreur-95-colombus.fr\/?page_id=6919","title":{"rendered":"Pose velux"},"content":{"rendered":"<div class=\"wpb-content-wrapper\">[vc_row full_width=\u00a0\u00bbstretch_row_content_no_spaces\u00a0\u00bb content_placement=\u00a0\u00bbmiddle\u00a0\u00bb background_color=\u00a0\u00bbcustom\u00a0\u00bb custom_background_color=\u00a0\u00bb#f7f7f7&Prime;][vc_column width=\u00a0\u00bb5\/12&Prime;][tm_image full_wide=\u00a0\u00bb1&Prime; image=\u00a0\u00bb7401&Prime;][\/vc_column][vc_column width=\u00a0\u00bb7\/12&Prime;][vc_row_inner lg_spacing=\u00a0\u00bbpadding_top:20;padding_right:100;padding_bottom:20;padding_left:100&Prime; md_spacing=\u00a0\u00bbpadding_right:80;padding_left:80&Prime; sm_spacing=\u00a0\u00bbpadding_right:50;padding_left:50&Prime; xs_spacing=\u00a0\u00bbpadding_right:30;padding_left:30&Prime;][vc_column_inner][tm_heading style=\u00a0\u00bbwith-separator-04&Prime; tag=\u00a0\u00bbh2&Prime; custom_google_font=\u00a0\u00bb\u00a0\u00bb text=\u00a0\u00bbInstallation de fen\u00eatre de toit Velux\u00a0\u00bb font_size=\u00a0\u00bbxs:26;sm:26;lg:40&Prime; css=\u00a0\u00bb.vc_custom_1741887561211{margin-bottom: 30px !important;}\u00a0\u00bb][vc_column_text css=\u00a0\u00bb\u00a0\u00bb]\n<p style=\"text-align: justify;\">La pose de fen\u00eatre de toit Velux est une solution id\u00e9ale pour apporter plus de lumi\u00e8re naturelle \u00e0 vos combles tout en am\u00e9liorant le confort et l\u2019esth\u00e9tisme de votre maison. Une installation professionnelle garantit une fen\u00eatre parfaitement fix\u00e9e, \u00e9tanche et fonctionnelle, \u00e9vitant ainsi tout risque d\u2019infiltration ou de dommage \u00e0 la toiture.<\/p>\n<p style=\"text-align: justify;\">Apr\u00e8s avoir s\u00e9lectionn\u00e9 la taille et le mod\u00e8le adapt\u00e9 \u00e0 votre espace, nos experts pr\u00e9parent l\u2019emplacement avec pr\u00e9cision et assurent une pose s\u00e9curis\u00e9e. Chaque installation est test\u00e9e pour garantir un fonctionnement optimal.<\/p>\n<p style=\"text-align: justify;\">Nos installateurs utilisent des techniques avanc\u00e9es, telles que la pose de chev\u00eatres renforc\u00e9s et l&rsquo;int\u00e9gration d\u2019un syst\u00e8me d\u2019\u00e9tanch\u00e9it\u00e9 avec des raccords sp\u00e9cifiques, assurant ainsi une isolation thermique et acoustique performante.<\/p>\n<p style=\"text-align: justify;\">Faites confiance \u00e0 nos installateurs qualifi\u00e9s pour une pose fiable et durable.<\/p>\n[\/vc_column_text][tm_spacer size=\u00a0\u00bblg:20&Prime;][tm_button size=\u00a0\u00bbsm\u00a0\u00bb button=\u00a0\u00bburl:https%3A%2F%2Fcouvreur-95-colombus.fr%2Fdevis-gratuit%2F|title:Contactez-nous\u00a0\u00bb][\/vc_column_inner][\/vc_row_inner][\/vc_column][\/vc_row][vc_row lg_spacing=\u00a0\u00bbpadding_top:80;padding_bottom:40&Prime;][vc_column width=\u00a0\u00bb5\/12&Prime;][tm_heading style=\u00a0\u00bbwith-separator-04&Prime; custom_google_font=\u00a0\u00bb\u00a0\u00bb text=\u00a0\u00bbIsolation par l&rsquo;ext\u00e9rieur\u00a0\u00bb font_size=\u00a0\u00bbxs:26;sm:26;lg:30&Prime; css=\u00a0\u00bb.vc_custom_1741894759954{margin-bottom: 25px !important;}\u00a0\u00bb][tm_image align=\u00a0\u00bbcenter\u00a0\u00bb image=\u00a0\u00bb7406&Prime; lg_spacing=\u00a0\u00bbmargin_bottom:35&Prime;][\/vc_column][vc_column width=\u00a0\u00bb7\/12&Prime;][vc_column_text css=\u00a0\u00bb.vc_custom_1675341884545{margin-bottom: 30px !important;}\u00a0\u00bb]\n<blockquote style=\"background: #f7f7f7; border: #ccc solid 1px;\">\n<p style=\"text-align: justify;\">Faites appel \u00e0 l&rsquo;entreprise M.B Colombus pour l&rsquo;isolation de vos combles afin d&rsquo;am\u00e9liorer la performance \u00e9nerg\u00e9tique de votre habitation.<\/p>\n<\/blockquote>\n[\/vc_column_text][vc_row_inner][vc_column_inner width=\u00a0\u00bb1\/2&Prime;][vc_column_text css=\u00a0\u00bb.vc_custom_1741894802567{margin-bottom: 50px !important;}\u00a0\u00bb]<div class=\"su-list\" style=\"margin-left:0px\">\n<ul>\n<li><i class=\"sui sui-check\" style=\"color:#243e8e\"><\/i> Isolation combles perdus<\/li>\n<li><i class=\"sui sui-check\" style=\"color:#243e8e\"><\/i> Isolation combles am\u00e9nageables<\/li>\n<li><i class=\"sui sui-check\" style=\"color:#243e8e\"><\/i> Isolation par l&rsquo;ext\u00e9rieur<\/li>\n<li><i class=\"sui sui-check\" style=\"color:#243e8e\"><\/i> Isolation par l&rsquo;int\u00e9rieur<\/li>\n<li><i class=\"sui sui-check\" style=\"color:#243e8e\"><\/i> Isolant mince multicouche<\/li>\n<li><i class=\"sui sui-check\" style=\"color:#243e8e\"><\/i> Isolation en laine de roche<\/li>\n<li><i class=\"sui sui-check\" style=\"color:#243e8e\"><\/i> Isolation en laine de verre<\/li>\n<li><i class=\"sui sui-check\" style=\"color:#243e8e\"><\/i> Isolant en laine v\u00e9g\u00e9tale<\/li>\n<li><i class=\"sui sui-check\" style=\"color:#243e8e\"><\/i> Isolant sarking<\/li>\n<li><i class=\"sui sui-check\" style=\"color:#243e8e\"><\/i> \u00c9valuation thermique<\/li>\n<\/ul>\n<\/div>[\/vc_column_text][\/vc_column_inner][vc_column_inner width=\u00a0\u00bb1\/2&Prime;][tm_list list_style=\u00a0\u00bbmodern-icon-03&Prime; columns=\u00a0\u00bbxs:1;sm:1;lg:1&Prime; items=\u00a0\u00bb%5B%7B%22item_title%22%3A%22Zone%20d&rsquo;intervention%22%2C%22item_desc%22%3A%22Val%20D&rsquo;Oise%2095%22%2C%22icon%22%3A%22ion-ios-location%22%7D%2C%7B%22item_title%22%3A%22Horaires%20d&rsquo;ouverture%22%2C%22item_desc%22%3A%22Ouvert%2024h%2F24%22%2C%22icon%22%3A%22ion-ios-timer%22%7D%2C%7B%22item_title%22%3A%22T%C3%A9l%C3%A9phone%22%2C%22icon%22%3A%22ion-ios-telephone%22%7D%5D\u00a0\u00bb][vc_column_text]\n<p><span class=\"vcard numerovert\"><span class=\"fn\">M.B Colombus Couvreur 95<\/span><span class=\"tel\"><span class=\"type\"><abbr title=\"Besoin d'un devis gratuit pour vos travaux de couverture dans le 95 ? Toute notre \u00e9quipe est \u00e0 votre disposition.\">T\u00e9l.<\/abbr><\/span><span class=\"value\"><a href=\"tel:0767763905\">07 67 76 39 05<\/a><\/span><\/span><\/span><\/p>\n[\/vc_column_text][vc_column_text css=\u00a0\u00bb.vc_custom_1675341152346{margin-bottom: 25px !important;}\u00a0\u00bb]<span class=\"vcard numerovert\"><span class=\"fn\">M.B Colombus Couvreur 95<\/span><span class=\"tel\"><span class=\"type\"><abbr title=\"Besoin d'un devis gratuit pour vos travaux de couverture dans le 95 ? Toute notre \u00e9quipe est \u00e0 votre disposition.\">T\u00e9l.<\/abbr><\/span><span class=\"value\"><a href=\"tel:0983209616\">09 83 20 96 16<\/a><\/span><\/span><\/span>[\/vc_column_text][\/vc_column_inner][\/vc_row_inner][\/vc_column][\/vc_row][vc_row full_width=\u00a0\u00bbstretch_row_content_no_spaces\u00a0\u00bb content_placement=\u00a0\u00bbmiddle\u00a0\u00bb background_color=\u00a0\u00bbcustom\u00a0\u00bb custom_background_color=\u00a0\u00bb#111111&Prime;][vc_column width=\u00a0\u00bb1\/2&Prime;][tm_image full_wide=\u00a0\u00bb1&Prime; image=\u00a0\u00bb7221&Prime;][\/vc_column][vc_column width=\u00a0\u00bb1\/2&Prime; background_image=\u00a0\u00bb7134&Prime;][vc_row_inner lg_spacing=\u00a0\u00bbpadding_top:60;padding_right:100;padding_bottom:60;padding_left:100&Prime; max_width=\u00a0\u00bb800px\u00a0\u00bb md_spacing=\u00a0\u00bbpadding_right:80;padding_left:80&Prime; sm_spacing=\u00a0\u00bbpadding_right:50;padding_left:50&Prime; xs_spacing=\u00a0\u00bbpadding_right:30;padding_left:30&Prime;][vc_column_inner][tm_heading custom_google_font=\u00a0\u00bb\u00a0\u00bb text_color=\u00a0\u00bbcustom\u00a0\u00bb custom_text_color=\u00a0\u00bb#ffffff\u00a0\u00bb text=\u00a0\u00bbArtisans couvreurs qualifi\u00e9s\u00a0\u00bb font_size=\u00a0\u00bbxs:26;sm:26;lg:40&Prime; css=\u00a0\u00bb.vc_custom_1685380768803{margin-bottom: 10px !important;}\u00a0\u00bb][tm_heading custom_google_font=\u00a0\u00bb\u00a0\u00bb text_color=\u00a0\u00bbcustom\u00a0\u00bb custom_text_color=\u00a0\u00bb#a41c20&Prime; icon_type=\u00a0\u00bbfontawesome\u00a0\u00bb icon_fontawesome=\u00a0\u00bbfas fa-map-marker-alt\u00a0\u00bb text=\u00a0\u00bbDans le Val d&rsquo;Oise 95&Prime; font_size=\u00a0\u00bbxs:16;sm:16;md:25;lg:25&Prime; css=\u00a0\u00bb.vc_custom_1675341916877{margin-bottom: 30px !important;}\u00a0\u00bb][tm_list list_style=\u00a0\u00bbcheck-02&Prime; marker_color=\u00a0\u00bbcustom\u00a0\u00bb custom_marker_color=\u00a0\u00bb#ffffff\u00a0\u00bb title_color=\u00a0\u00bbcustom\u00a0\u00bb custom_title_color=\u00a0\u00bb#bfbfbf\u00a0\u00bb columns=\u00a0\u00bbxs:1;lg:1&Prime; items=\u00a0\u00bb%5B%7B%22item_title%22%3A%22L&rsquo;exp%C3%A9rience%20%C3%A0%20votre%20service%22%7D%2C%7B%22item_title%22%3A%22Conseils%20professionnels%22%7D%2C%7B%22item_title%22%3A%22Accompagnement%20personnalis%C3%A9%22%7D%2C%7B%22item_title%22%3A%22Garantie%20d%C3%A9cennale%20-%20QBE%22%7D%2C%7B%22item_title%22%3A%22Meilleur%20rapport%20qualit%C3%A9%20%2F%20prix%22%7D%5D\u00a0\u00bb lg_spacing=\u00a0\u00bbmargin_bottom:35&Prime;][tm_button size=\u00a0\u00bbsm\u00a0\u00bb color=\u00a0\u00bbcustom\u00a0\u00bb button_bg_color=\u00a0\u00bbcustom\u00a0\u00bb font_color=\u00a0\u00bbcustom\u00a0\u00bb button_border_color=\u00a0\u00bbcustom\u00a0\u00bb button_icon_color=\u00a0\u00bb\u00a0\u00bb button_bg_color_hover=\u00a0\u00bbcustom\u00a0\u00bb font_color_hover=\u00a0\u00bbprimary\u00a0\u00bb button_border_color_hover=\u00a0\u00bbcustom\u00a0\u00bb button_icon_color_hover=\u00a0\u00bb\u00a0\u00bb button=\u00a0\u00bburl:https%3A%2F%2Fcouvreur-95-colombus.fr%2Fdevis-gratuit%2F|title:DEVIS%20%26%20D%C3%89PLACEMENT%20GRATUITS\u00a0\u00bb custom_font_color=\u00a0\u00bb#ffffff\u00a0\u00bb custom_button_bg_color_hover=\u00a0\u00bb#ffffff\u00a0\u00bb custom_button_border_color_hover=\u00a0\u00bb#ffffff\u00a0\u00bb custom_button_bg_color=\u00a0\u00bb#a41c20&Prime; custom_button_border_color=\u00a0\u00bb#a41c20&Prime;][\/vc_column_inner][\/vc_row_inner][\/vc_column][\/vc_row][vc_row full_width=\u00a0\u00bbstretch_row_content\u00a0\u00bb lg_spacing=\u00a0\u00bbpadding_top:80;padding_bottom:25&Prime;][vc_column][tm_heading custom_google_font=\u00a0\u00bb\u00a0\u00bb text_transform=\u00a0\u00bbuppercase\u00a0\u00bb align=\u00a0\u00bbcenter\u00a0\u00bb text_color=\u00a0\u00bbprimary\u00a0\u00bb text=\u00a0\u00bbR\u00e9alisations de velux\u00a0\u00bb font_size=\u00a0\u00bbxs:20;sm:20;md:20;lg:34&Prime; css=\u00a0\u00bb.vc_custom_1741887209098{margin-bottom: 15px !important;}\u00a0\u00bb][tm_heading style=\u00a0\u00bbwith-separator-04&Prime; custom_google_font=\u00a0\u00bb\u00a0\u00bb align=\u00a0\u00bbcenter\u00a0\u00bb icon_color=\u00a0\u00bbprimary\u00a0\u00bb text=\u00a0\u00bbDans toute l&rsquo;\u00eele de France\u00a0\u00bb font_size=\u00a0\u00bblg:20&Prime; css=\u00a0\u00bb.vc_custom_1692986393941{margin-bottom: 22px !important;background-position: 0 0 !important;background-repeat: no-repeat !important;}\u00a0\u00bb][vc_basic_grid post_type=\u00a0\u00bbpost\u00a0\u00bb max_items=\u00a0\u00bb3&Prime; item=\u00a0\u00bbbasicGrid_SlideFromLeft\u00a0\u00bb css=\u00a0\u00bb\u00a0\u00bb grid_id=\u00a0\u00bbvc_gid:1741894787032-23cf727f-6103-2&Prime; taxonomies=\u00a0\u00bb259, 251&Prime;][tm_spacer size=\u00a0\u00bblg:20&Prime;][tm_button size=\u00a0\u00bbsm\u00a0\u00bb align=\u00a0\u00bbcenter\u00a0\u00bb color=\u00a0\u00bbsecondary\u00a0\u00bb button=\u00a0\u00bburl:https%3A%2F%2Fcouvreur-95-colombus.fr%2Fcategories%2Fchantiers%2Fvelux%2F|title:Toutes%20les%20r%C3%A9alisations\u00a0\u00bb][tm_spacer size=\u00a0\u00bblg:20&Prime;][\/vc_column][\/vc_row][vc_row full_width=\u00a0\u00bbstretch_row\u00a0\u00bb content_placement=\u00a0\u00bbmiddle\u00a0\u00bb background_color=\u00a0\u00bbprimary\u00a0\u00bb lg_spacing=\u00a0\u00bbpadding_top:55;padding_bottom:55&Prime;][vc_column width=\u00a0\u00bb2\/3&Prime;][tm_heading custom_google_font=\u00a0\u00bb\u00a0\u00bb text_color=\u00a0\u00bbcustom\u00a0\u00bb custom_text_color=\u00a0\u00bb#ffffff\u00a0\u00bb text=\u00a0\u00bbBesoin d&rsquo;un couvreur zingueur dans le 95 ?\u00a0\u00bb font_size=\u00a0\u00bblg:36&Prime; xs_spacing=\u00a0\u00bbmargin_bottom:20&Prime;][\/vc_column][vc_column width=\u00a0\u00bb1\/3&Prime;][tm_button align=\u00a0\u00bbright\u00a0\u00bb xs_align=\u00a0\u00bbleft\u00a0\u00bb color=\u00a0\u00bbcustom\u00a0\u00bb button_bg_color=\u00a0\u00bbcustom\u00a0\u00bb font_color=\u00a0\u00bbcustom\u00a0\u00bb button_border_color=\u00a0\u00bbcustom\u00a0\u00bb button_icon_color=\u00a0\u00bbsecondary\u00a0\u00bb button_bg_color_hover=\u00a0\u00bbcustom\u00a0\u00bb font_color_hover=\u00a0\u00bbcustom\u00a0\u00bb button_border_color_hover=\u00a0\u00bbcustom\u00a0\u00bb button_icon_color_hover=\u00a0\u00bb\u00a0\u00bb button=\u00a0\u00bburl:https%3A%2F%2Fcouvreur-95-colombus.fr%2Fdevis-gratuit%2F|title:CONTACTEZ-NOUS\u00a0\u00bb custom_font_color=\u00a0\u00bb#222222&Prime; custom_button_bg_color=\u00a0\u00bb#ffffff\u00a0\u00bb custom_button_border_color=\u00a0\u00bb#ffffff\u00a0\u00bb custom_font_color_hover=\u00a0\u00bb#ffffff\u00a0\u00bb custom_button_bg_color_hover=\u00a0\u00bb#a41c20&Prime; custom_button_border_color_hover=\u00a0\u00bb#a41c20&Prime;][\/vc_column][\/vc_row]\n<\/div>","protected":false},"excerpt":{"rendered":"<p>[vc_row full_width=\u00a0\u00bbstretch_row_content_no_spaces\u00a0\u00bb content_placement=\u00a0\u00bbmiddle\u00a0\u00bb background_color=\u00a0\u00bbcustom\u00a0\u00bb custom_background_color=\u00a0\u00bb#f7f7f7&Prime;][vc_column width=\u00a0\u00bb5\/12&Prime;][tm_image full_wide=\u00a0\u00bb1&Prime; image=\u00a0\u00bb7401&Prime;][\/vc_column][vc_column width=\u00a0\u00bb7\/12&Prime;][vc_row_inner lg_spacing=\u00a0\u00bbpadding_top:20;padding_right:100;padding_bottom:20;padding_left:100&Prime; md_spacing=\u00a0\u00bbpadding_right:80;padding_left:80&Prime; sm_spacing=\u00a0\u00bbpadding_right:50;padding_left:50&Prime; xs_spacing=\u00a0\u00bbpadding_right:30;padding_left:30&Prime;][vc_column_inner][tm_heading style=\u00a0\u00bbwith-separator-04&Prime; tag=\u00a0\u00bbh2&Prime; custom_google_font=\u00a0\u00bb\u00a0\u00bb text=\u00a0\u00bbInstallation de fen\u00eatre de toit Velux\u00a0\u00bb font_size=\u00a0\u00bbxs:26;sm:26;lg:40&Prime; css=\u00a0\u00bb.vc_custom_1741887561211{margin-bottom: 30px !important;}\u00a0\u00bb][vc_column_text css=\u00a0\u00bb\u00a0\u00bb] La pose de fen\u00eatre de toit Velux est une solution id\u00e9ale pour apporter plus de lumi\u00e8re naturelle \u00e0 vos combles tout en am\u00e9liorant le confort et l\u2019esth\u00e9tisme de votre maison. Une installation professionnelle garantit une fen\u00eatre parfaitement fix\u00e9e, \u00e9tanche et fonctionnelle, \u00e9vitant ainsi tout risque d\u2019infiltration ou de dommage \u00e0 la toiture. Apr\u00e8s avoir s\u00e9lectionn\u00e9 la taille et le mod\u00e8le adapt\u00e9 \u00e0 votre espace, nos experts pr\u00e9parent l\u2019emplacement avec pr\u00e9cision et assurent une pose s\u00e9curis\u00e9e. Chaque installation est test\u00e9e pour garantir un fonctionnement optimal. Nos installateurs utilisent des techniques avanc\u00e9es, telles que la pose de chev\u00eatres renforc\u00e9s et l&rsquo;int\u00e9gration d\u2019un syst\u00e8me d\u2019\u00e9tanch\u00e9it\u00e9 avec des raccords sp\u00e9cifiques, assurant ainsi une isolation thermique et acoustique performante. Faites confiance \u00e0 nos installateurs qualifi\u00e9s pour une pose fiable et durable. [\/vc_column_text][tm_spacer size=\u00a0\u00bblg:20&Prime;][tm_button size=\u00a0\u00bbsm\u00a0\u00bb button=\u00a0\u00bburl:https%3A%2F%2Fcouvreur-95-colombus.fr%2Fdevis-gratuit%2F|title:Contactez-nous\u00a0\u00bb][\/vc_column_inner][\/vc_row_inner][\/vc_column][\/vc_row][vc_row lg_spacing=\u00a0\u00bbpadding_top:80;padding_bottom:40&Prime;][vc_column width=\u00a0\u00bb5\/12&Prime;][tm_heading style=\u00a0\u00bbwith-separator-04&Prime; custom_google_font=\u00a0\u00bb\u00a0\u00bb text=\u00a0\u00bbIsolation par l&rsquo;ext\u00e9rieur\u00a0\u00bb font_size=\u00a0\u00bbxs:26;sm:26;lg:30&Prime; css=\u00a0\u00bb.vc_custom_1741894759954{margin-bottom: 25px !important;}\u00a0\u00bb][tm_image align=\u00a0\u00bbcenter\u00a0\u00bb image=\u00a0\u00bb7406&Prime; lg_spacing=\u00a0\u00bbmargin_bottom:35&Prime;][\/vc_column][vc_column width=\u00a0\u00bb7\/12&Prime;][vc_column_text css=\u00a0\u00bb.vc_custom_1675341884545{margin-bottom: 30px !important;}\u00a0\u00bb] Faites appel \u00e0 l&rsquo;entreprise M.B Colombus pour l&rsquo;isolation de vos combles afin d&rsquo;am\u00e9liorer la performance \u00e9nerg\u00e9tique de votre habitation. [\/vc_column_text][vc_row_inner][vc_column_inner width=\u00a0\u00bb1\/2&Prime;][vc_column_text css=\u00a0\u00bb.vc_custom_1741894802567{margin-bottom: 50px !important;}\u00a0\u00bb][\/vc_column_text][\/vc_column_inner][vc_column_inner width=\u00a0\u00bb1\/2&Prime;][tm_list list_style=\u00a0\u00bbmodern-icon-03&Prime; columns=\u00a0\u00bbxs:1;sm:1;lg:1&Prime; items=\u00a0\u00bb%5B%7B%22item_title%22%3A%22Zone%20d&rsquo;intervention%22%2C%22item_desc%22%3A%22Val%20D&rsquo;Oise%2095%22%2C%22icon%22%3A%22ion-ios-location%22%7D%2C%7B%22item_title%22%3A%22Horaires%20d&rsquo;ouverture%22%2C%22item_desc%22%3A%22Ouvert%2024h%2F24%22%2C%22icon%22%3A%22ion-ios-timer%22%7D%2C%7B%22item_title%22%3A%22T%C3%A9l%C3%A9phone%22%2C%22icon%22%3A%22ion-ios-telephone%22%7D%5D\u00a0\u00bb][vc_column_text] M.B Colombus Couvreur 95T\u00e9l.07 67 76 39 05 [\/vc_column_text][vc_column_text css=\u00a0\u00bb.vc_custom_1675341152346{margin-bottom: 25px !important;}\u00a0\u00bb]M.B Colombus Couvreur 95T\u00e9l.09 83 20 96 16[\/vc_column_text][\/vc_column_inner][\/vc_row_inner][\/vc_column][\/vc_row][vc_row full_width=\u00a0\u00bbstretch_row_content_no_spaces\u00a0\u00bb content_placement=\u00a0\u00bbmiddle\u00a0\u00bb background_color=\u00a0\u00bbcustom\u00a0\u00bb custom_background_color=\u00a0\u00bb#111111&Prime;][vc_column width=\u00a0\u00bb1\/2&Prime;][tm_image full_wide=\u00a0\u00bb1&Prime; image=\u00a0\u00bb7221&Prime;][\/vc_column][vc_column width=\u00a0\u00bb1\/2&Prime; background_image=\u00a0\u00bb7134&Prime;][vc_row_inner lg_spacing=\u00a0\u00bbpadding_top:60;padding_right:100;padding_bottom:60;padding_left:100&Prime; max_width=\u00a0\u00bb800px\u00a0\u00bb md_spacing=\u00a0\u00bbpadding_right:80;padding_left:80&Prime; sm_spacing=\u00a0\u00bbpadding_right:50;padding_left:50&Prime; xs_spacing=\u00a0\u00bbpadding_right:30;padding_left:30&Prime;][vc_column_inner][tm_heading custom_google_font=\u00a0\u00bb\u00a0\u00bb text_color=\u00a0\u00bbcustom\u00a0\u00bb custom_text_color=\u00a0\u00bb#ffffff\u00a0\u00bb text=\u00a0\u00bbArtisans couvreurs qualifi\u00e9s\u00a0\u00bb font_size=\u00a0\u00bbxs:26;sm:26;lg:40&Prime; css=\u00a0\u00bb.vc_custom_1685380768803{margin-bottom: 10px !important;}\u00a0\u00bb][tm_heading custom_google_font=\u00a0\u00bb\u00a0\u00bb text_color=\u00a0\u00bbcustom\u00a0\u00bb custom_text_color=\u00a0\u00bb#a41c20&Prime; icon_type=\u00a0\u00bbfontawesome\u00a0\u00bb icon_fontawesome=\u00a0\u00bbfas fa-map-marker-alt\u00a0\u00bb text=\u00a0\u00bbDans le Val d&rsquo;Oise 95&Prime; font_size=\u00a0\u00bbxs:16;sm:16;md:25;lg:25&Prime; css=\u00a0\u00bb.vc_custom_1675341916877{margin-bottom: 30px !important;}\u00a0\u00bb][tm_list list_style=\u00a0\u00bbcheck-02&Prime; marker_color=\u00a0\u00bbcustom\u00a0\u00bb custom_marker_color=\u00a0\u00bb#ffffff\u00a0\u00bb title_color=\u00a0\u00bbcustom\u00a0\u00bb custom_title_color=\u00a0\u00bb#bfbfbf\u00a0\u00bb columns=\u00a0\u00bbxs:1;lg:1&Prime; items=\u00a0\u00bb%5B%7B%22item_title%22%3A%22L&rsquo;exp%C3%A9rience%20%C3%A0%20votre%20service%22%7D%2C%7B%22item_title%22%3A%22Conseils%20professionnels%22%7D%2C%7B%22item_title%22%3A%22Accompagnement%20personnalis%C3%A9%22%7D%2C%7B%22item_title%22%3A%22Garantie%20d%C3%A9cennale%20-%20QBE%22%7D%2C%7B%22item_title%22%3A%22Meilleur%20rapport%20qualit%C3%A9%20%2F%20prix%22%7D%5D\u00a0\u00bb lg_spacing=\u00a0\u00bbmargin_bottom:35&Prime;][tm_button size=\u00a0\u00bbsm\u00a0\u00bb color=\u00a0\u00bbcustom\u00a0\u00bb button_bg_color=\u00a0\u00bbcustom\u00a0\u00bb font_color=\u00a0\u00bbcustom\u00a0\u00bb button_border_color=\u00a0\u00bbcustom\u00a0\u00bb button_icon_color=\u00a0\u00bb\u00a0\u00bb button_bg_color_hover=\u00a0\u00bbcustom\u00a0\u00bb font_color_hover=\u00a0\u00bbprimary\u00a0\u00bb button_border_color_hover=\u00a0\u00bbcustom\u00a0\u00bb button_icon_color_hover=\u00a0\u00bb\u00a0\u00bb button=\u00a0\u00bburl:https%3A%2F%2Fcouvreur-95-colombus.fr%2Fdevis-gratuit%2F|title:DEVIS%20%26%20D%C3%89PLACEMENT%20GRATUITS\u00a0\u00bb custom_font_color=\u00a0\u00bb#ffffff\u00a0\u00bb custom_button_bg_color_hover=\u00a0\u00bb#ffffff\u00a0\u00bb custom_button_border_color_hover=\u00a0\u00bb#ffffff\u00a0\u00bb custom_button_bg_color=\u00a0\u00bb#a41c20&Prime; custom_button_border_color=\u00a0\u00bb#a41c20&Prime;][\/vc_column_inner][\/vc_row_inner][\/vc_column][\/vc_row][vc_row full_width=\u00a0\u00bbstretch_row_content\u00a0\u00bb lg_spacing=\u00a0\u00bbpadding_top:80;padding_bottom:25&Prime;][vc_column][tm_heading custom_google_font=\u00a0\u00bb\u00a0\u00bb text_transform=\u00a0\u00bbuppercase\u00a0\u00bb align=\u00a0\u00bbcenter\u00a0\u00bb text_color=\u00a0\u00bbprimary\u00a0\u00bb text=\u00a0\u00bbR\u00e9alisations de velux\u00a0\u00bb font_size=\u00a0\u00bbxs:20;sm:20;md:20;lg:34&Prime; css=\u00a0\u00bb.vc_custom_1741887209098{margin-bottom: 15px !important;}\u00a0\u00bb][tm_heading style=\u00a0\u00bbwith-separator-04&Prime; custom_google_font=\u00a0\u00bb\u00a0\u00bb align=\u00a0\u00bbcenter\u00a0\u00bb icon_color=\u00a0\u00bbprimary\u00a0\u00bb text=\u00a0\u00bbDans toute l&rsquo;\u00eele de France\u00a0\u00bb font_size=\u00a0\u00bblg:20&Prime; css=\u00a0\u00bb.vc_custom_1692986393941{margin-bottom: 22px !important;background-position: 0 0 !important;background-repeat: no-repeat !important;}\u00a0\u00bb][vc_basic_grid post_type=\u00a0\u00bbpost\u00a0\u00bb max_items=\u00a0\u00bb3&Prime; item=\u00a0\u00bbbasicGrid_SlideFromLeft\u00a0\u00bb css=\u00a0\u00bb\u00a0\u00bb grid_id=\u00a0\u00bbvc_gid:1741894787032-23cf727f-6103-2&Prime; taxonomies=\u00a0\u00bb259, 251&Prime;][tm_spacer size=\u00a0\u00bblg:20&Prime;][tm_button size=\u00a0\u00bbsm\u00a0\u00bb align=\u00a0\u00bbcenter\u00a0\u00bb color=\u00a0\u00bbsecondary\u00a0\u00bb button=\u00a0\u00bburl:https%3A%2F%2Fcouvreur-95-colombus.fr%2Fcategories%2Fchantiers%2Fvelux%2F|title:Toutes%20les%20r%C3%A9alisations\u00a0\u00bb][tm_spacer size=\u00a0\u00bblg:20&Prime;][\/vc_column][\/vc_row][vc_row full_width=\u00a0\u00bbstretch_row\u00a0\u00bb content_placement=\u00a0\u00bbmiddle\u00a0\u00bb background_color=\u00a0\u00bbprimary\u00a0\u00bb lg_spacing=\u00a0\u00bbpadding_top:55;padding_bottom:55&Prime;][vc_column width=\u00a0\u00bb2\/3&Prime;][tm_heading custom_google_font=\u00a0\u00bb\u00a0\u00bb text_color=\u00a0\u00bbcustom\u00a0\u00bb custom_text_color=\u00a0\u00bb#ffffff\u00a0\u00bb text=\u00a0\u00bbBesoin d&rsquo;un couvreur zingueur dans le 95 ?\u00a0\u00bb font_size=\u00a0\u00bblg:36&Prime; xs_spacing=\u00a0\u00bbmargin_bottom:20&Prime;][\/vc_column][vc_column width=\u00a0\u00bb1\/3&Prime;][tm_button align=\u00a0\u00bbright\u00a0\u00bb xs_align=\u00a0\u00bbleft\u00a0\u00bb color=\u00a0\u00bbcustom\u00a0\u00bb button_bg_color=\u00a0\u00bbcustom\u00a0\u00bb font_color=\u00a0\u00bbcustom\u00a0\u00bb button_border_color=\u00a0\u00bbcustom\u00a0\u00bb button_icon_color=\u00a0\u00bbsecondary\u00a0\u00bb button_bg_color_hover=\u00a0\u00bbcustom\u00a0\u00bb font_color_hover=\u00a0\u00bbcustom\u00a0\u00bb button_border_color_hover=\u00a0\u00bbcustom\u00a0\u00bb button_icon_color_hover=\u00a0\u00bb\u00a0\u00bb button=\u00a0\u00bburl:https%3A%2F%2Fcouvreur-95-colombus.fr%2Fdevis-gratuit%2F|title:CONTACTEZ-NOUS\u00a0\u00bb custom_font_color=\u00a0\u00bb#222222&Prime; custom_button_bg_color=\u00a0\u00bb#ffffff\u00a0\u00bb custom_button_border_color=\u00a0\u00bb#ffffff\u00a0\u00bb custom_font_color_hover=\u00a0\u00bb#ffffff\u00a0\u00bb custom_button_bg_color_hover=\u00a0\u00bb#a41c20&Prime; custom_button_border_color_hover=\u00a0\u00bb#a41c20&Prime;][\/vc_column][\/vc_row]<\/p>\n","protected":false},"author":1,"featured_media":7401,"parent":0,"menu_order":0,"comment_status":"closed","ping_status":"closed","template":"","meta":{"footnotes":""},"class_list":["post-6919","page","type-page","status-publish","has-post-thumbnail","hentry"],"_links":{"self":[{"href":"https:\/\/couvreur-95-colombus.fr\/index.php?rest_route=\/wp\/v2\/pages\/6919","targetHints":{"allow":["GET"]}}],"collection":[{"href":"https:\/\/couvreur-95-colombus.fr\/index.php?rest_route=\/wp\/v2\/pages"}],"about":[{"href":"https:\/\/couvreur-95-colombus.fr\/index.php?rest_route=\/wp\/v2\/types\/page"}],"author":[{"embeddable":true,"href":"https:\/\/couvreur-95-colombus.fr\/index.php?rest_route=\/wp\/v2\/users\/1"}],"replies":[{"embeddable":true,"href":"https:\/\/couvreur-95-colombus.fr\/index.php?rest_route=%2Fwp%2Fv2%2Fcomments&post=6919"}],"version-history":[{"count":9,"href":"https:\/\/couvreur-95-colombus.fr\/index.php?rest_route=\/wp\/v2\/pages\/6919\/revisions"}],"predecessor-version":[{"id":9409,"href":"https:\/\/couvreur-95-colombus.fr\/index.php?rest_route=\/wp\/v2\/pages\/6919\/revisions\/9409"}],"wp:featuredmedia":[{"embeddable":true,"href":"https:\/\/couvreur-95-colombus.fr\/index.php?rest_route=\/wp\/v2\/media\/7401"}],"wp:attachment":[{"href":"https:\/\/couvreur-95-colombus.fr\/index.php?rest_route=%2Fwp%2Fv2%2Fmedia&parent=6919"}],"curies":[{"name":"wp","href":"https:\/\/api.w.org\/{rel}","templated":true}]}}