{"id":6913,"date":"2022-05-09T09:41:18","date_gmt":"2022-05-09T07:41:18","guid":{"rendered":"https:\/\/couvreur-95-colombus.fr\/?page_id=6913"},"modified":"2025-03-13T21:10:46","modified_gmt":"2025-03-13T20:10:46","slug":"traitement-charpente-95","status":"publish","type":"page","link":"https:\/\/couvreur-95-colombus.fr\/?page_id=6913","title":{"rendered":"Traitement charpente"},"content":{"rendered":"<div class=\"wpb-content-wrapper\">[vc_row full_width=\u00a0\u00bbstretch_row_content_no_spaces\u00a0\u00bb content_placement=\u00a0\u00bbmiddle\u00a0\u00bb background_color=\u00a0\u00bbcustom\u00a0\u00bb custom_background_color=\u00a0\u00bb#f7f7f7&Prime;][vc_column width=\u00a0\u00bb5\/12&Prime;][tm_image full_wide=\u00a0\u00bb1&Prime; image=\u00a0\u00bb7240&Prime;][\/vc_column][vc_column width=\u00a0\u00bb7\/12&Prime;][vc_row_inner lg_spacing=\u00a0\u00bbpadding_top:60;padding_right:100;padding_bottom:60;padding_left:100&Prime; md_spacing=\u00a0\u00bbpadding_right:80;padding_left:80&Prime; sm_spacing=\u00a0\u00bbpadding_right:50;padding_left:50&Prime; xs_spacing=\u00a0\u00bbpadding_right:30;padding_left:30&Prime;][vc_column_inner][tm_heading style=\u00a0\u00bbwith-separator-04&Prime; tag=\u00a0\u00bbh2&Prime; custom_google_font=\u00a0\u00bb\u00a0\u00bb text=\u00a0\u00bbTraitement de charpente\u00a0\u00bb font_size=\u00a0\u00bbxs:26;sm:26;lg:40&Prime; css=\u00a0\u00bb.vc_custom_1741892900943{margin-bottom: 30px !important;}\u00a0\u00bb][vc_column_text css=\u00a0\u00bb\u00a0\u00bb]\n<p style=\"text-align: justify;\">Quelle que soit la nature de votre charpente \u00e0 <a title=\"\" href=\"https:\/\/www.google.com\/maps\/place\/95100+Argenteuil\/@48.9500476,2.1653666,12z\/data=!3m1!4b1!4m6!3m5!1s0x47e66664dfcb055b:0x40b82c3688b36d0!8m2!3d48.9472096!4d2.2466847!16zL20vMDFxbnZu?hl=fr&amp;entry=ttu&amp;g_ep=EgoyMDI1MDMxMS4wIKXMDSoASAFQAw%3D%3D\" target=\"_blank\" rel=\"noopener\"><strong>Argenteuil<\/strong><\/a>, l\u2019entreprise <strong>M.B Colombus<\/strong> intervient rapidement pour assurer un <strong>traitement pr\u00e9ventif et curatif<\/strong> efficace. Cette \u00e9tape essentielle permet de <strong>prot\u00e9ger votre structure contre les attaques d\u2019insectes xylophages, comme les termites et les capricornes, ainsi que contre les champignons lignivores<\/strong>, responsables de la d\u00e9gradation du bois.<\/p>\n<p style=\"text-align: justify;\">Selon l\u2019\u00e9tat de votre charpente, nous appliquons des proc\u00e9d\u00e9s adapt\u00e9s, allant de <strong>l\u2019injection en profondeur de produits fongicides et insecticides<\/strong> \u00e0 la pulv\u00e9risation de solutions traitantes pour une action pr\u00e9ventive longue dur\u00e9e.<\/p>\n<p style=\"text-align: justify;\">Si votre charpente pr\u00e9sente des signes de fragilisation, un diagnostic approfondi est r\u00e9alis\u00e9 pour d\u00e9terminer les r\u00e9parations n\u00e9cessaires avant l\u2019application du traitement. <strong>M.B Colombus vous propose une \u00e9tude gratuite de votre projet et un devis sans engagement<\/strong>, garantissant des prestations au meilleur prix sans compromis sur la qualit\u00e9.<\/p>\n[\/vc_column_text][tm_spacer size=\u00a0\u00bblg:20&Prime;][tm_button size=\u00a0\u00bbsm\u00a0\u00bb button=\u00a0\u00bburl:https%3A%2F%2Fcouvreur-95-colombus.fr%2Fdevis-gratuit%2F|title:Contactez-nous\u00a0\u00bb][\/vc_column_inner][\/vc_row_inner][\/vc_column][\/vc_row][vc_row lg_spacing=\u00a0\u00bbpadding_top:80;padding_bottom:40&Prime;][vc_column width=\u00a0\u00bb5\/12&Prime;][tm_heading style=\u00a0\u00bbwith-separator-04&Prime; custom_google_font=\u00a0\u00bb\u00a0\u00bb text=\u00a0\u00bbTraitement sur-mesure\u00a0\u00bb font_size=\u00a0\u00bbxs:26;sm:26;lg:30&Prime; css=\u00a0\u00bb.vc_custom_1741892968116{margin-bottom: 25px !important;}\u00a0\u00bb][tm_image align=\u00a0\u00bbcenter\u00a0\u00bb image=\u00a0\u00bb7243&Prime; lg_spacing=\u00a0\u00bbmargin_bottom:35&Prime;][\/vc_column][vc_column width=\u00a0\u00bb7\/12&Prime;][vc_column_text css=\u00a0\u00bb.vc_custom_1675342219274{margin-bottom: 30px !important;}\u00a0\u00bb]\n<blockquote style=\"background: #f7f7f7; border: #ccc solid 1px;\">\n<p style=\"text-align: justify;\">M.B Colombus, charpentier \u00e0 Argenteuil vous propose ses services traitement charpente dans le 95 pour profiter pleinement d\u2019une ossature de toit robuste et p\u00e9renne durant plusieurs ann\u00e9es.<\/p>\n<\/blockquote>\n[\/vc_column_text][vc_row_inner][vc_column_inner width=\u00a0\u00bb1\/2&Prime;][vc_column_text css=\u00a0\u00bb.vc_custom_1675342226848{margin-bottom: 25px !important;}\u00a0\u00bb]<div class=\"su-list\" style=\"margin-left:0px\">\n<ul>\n<li><i class=\"sui sui-check\" style=\"color:#243e8e\"><\/i> Traitement de charpente sur-mesure<\/li>\n<li><i class=\"sui sui-check\" style=\"color:#243e8e\"><\/i> Traitement de charpente en bois<\/li>\n<li><i class=\"sui sui-check\" style=\"color:#243e8e\"><\/i> Traitement poutre bois<\/li>\n<li><i class=\"sui sui-check\" style=\"color:#243e8e\"><\/i> Traitement capricornes<\/li>\n<li><i class=\"sui sui-check\" style=\"color:#243e8e\"><\/i> Produit anti insectes xylophages<\/li>\n<li><i class=\"sui sui-check\" style=\"color:#243e8e\"><\/i> Traitement hydrofuge<\/li>\n<li><i class=\"sui sui-check\" style=\"color:#243e8e\"><\/i> Traitement anti termites<\/li>\n<li><i class=\"sui sui-check\" style=\"color:#243e8e\"><\/i> Traitement par pulv\u00e9risation<\/li>\n<li><i class=\"sui sui-check\" style=\"color:#243e8e\"><\/i> Traitement par injection curatif<\/li>\n<\/ul>\n<\/div>[\/vc_column_text][\/vc_column_inner][vc_column_inner width=\u00a0\u00bb1\/2&Prime;][tm_list list_style=\u00a0\u00bbmodern-icon-03&Prime; columns=\u00a0\u00bbxs:1;sm:1;lg:1&Prime; items=\u00a0\u00bb%5B%7B%22item_title%22%3A%22Zone%20d&rsquo;intervention%22%2C%22item_desc%22%3A%22Val%20D&rsquo;Oise%2095%22%2C%22icon%22%3A%22ion-ios-location%22%7D%2C%7B%22item_title%22%3A%22Horaires%20d&rsquo;ouverture%22%2C%22item_desc%22%3A%22Ouvert%2024h%2F24%22%2C%22icon%22%3A%22ion-ios-timer%22%7D%2C%7B%22item_title%22%3A%22T%C3%A9l%C3%A9phone%22%2C%22icon%22%3A%22ion-ios-telephone%22%7D%5D\u00a0\u00bb][vc_column_text]\n<p><span class=\"vcard numerovert\"><span class=\"fn\">M.B Colombus Couvreur 95<\/span><span class=\"tel\"><span class=\"type\"><abbr title=\"Besoin d'un devis gratuit pour vos travaux de couverture dans le 95 ? Toute notre \u00e9quipe est \u00e0 votre disposition.\">T\u00e9l.<\/abbr><\/span><span class=\"value\"><a href=\"tel:0767763905\">07 67 76 39 05<\/a><\/span><\/span><\/span><\/p>\n[\/vc_column_text][vc_column_text css=\u00a0\u00bb.vc_custom_1675342379897{margin-bottom: 20px !important;}\u00a0\u00bb]<span class=\"vcard numerovert\"><span class=\"fn\">M.B Colombus Couvreur 95<\/span><span class=\"tel\"><span class=\"type\"><abbr title=\"Besoin d'un devis gratuit pour vos travaux de couverture dans le 95 ? Toute notre \u00e9quipe est \u00e0 votre disposition.\">T\u00e9l.<\/abbr><\/span><span class=\"value\"><a href=\"tel:0983209616\">09 83 20 96 16<\/a><\/span><\/span><\/span>[\/vc_column_text][\/vc_column_inner][\/vc_row_inner][\/vc_column][\/vc_row][vc_row full_width=\u00a0\u00bbstretch_row_content_no_spaces\u00a0\u00bb content_placement=\u00a0\u00bbmiddle\u00a0\u00bb background_color=\u00a0\u00bbcustom\u00a0\u00bb custom_background_color=\u00a0\u00bb#111111&Prime;][vc_column width=\u00a0\u00bb1\/2&Prime;][tm_image full_wide=\u00a0\u00bb1&Prime; image=\u00a0\u00bb7221&Prime;][\/vc_column][vc_column width=\u00a0\u00bb1\/2&Prime; background_image=\u00a0\u00bb7134&Prime;][vc_row_inner lg_spacing=\u00a0\u00bbpadding_top:60;padding_right:100;padding_bottom:60;padding_left:100&Prime; max_width=\u00a0\u00bb800px\u00a0\u00bb md_spacing=\u00a0\u00bbpadding_right:80;padding_left:80&Prime; sm_spacing=\u00a0\u00bbpadding_right:50;padding_left:50&Prime; xs_spacing=\u00a0\u00bbpadding_right:30;padding_left:30&Prime;][vc_column_inner][tm_heading custom_google_font=\u00a0\u00bb\u00a0\u00bb text_color=\u00a0\u00bbcustom\u00a0\u00bb custom_text_color=\u00a0\u00bb#ffffff\u00a0\u00bb text=\u00a0\u00bbCharpentiers qualifi\u00e9s\u00a0\u00bb font_size=\u00a0\u00bbxs:26;sm:26;lg:40&Prime; css=\u00a0\u00bb.vc_custom_1652174386922{margin-bottom: 10px !important;}\u00a0\u00bb][tm_heading custom_google_font=\u00a0\u00bb\u00a0\u00bb text_color=\u00a0\u00bbcustom\u00a0\u00bb custom_text_color=\u00a0\u00bb#a41c20&Prime; icon_type=\u00a0\u00bbfontawesome\u00a0\u00bb icon_fontawesome=\u00a0\u00bbfas fa-map-marker-alt\u00a0\u00bb text=\u00a0\u00bbDans le Val d&rsquo;Oise 95&Prime; font_size=\u00a0\u00bbxs:16;sm:16;md:25;lg:25&Prime; css=\u00a0\u00bb.vc_custom_1675342252919{margin-bottom: 30px !important;}\u00a0\u00bb][tm_list list_style=\u00a0\u00bbcheck-02&Prime; marker_color=\u00a0\u00bbcustom\u00a0\u00bb custom_marker_color=\u00a0\u00bb#ffffff\u00a0\u00bb title_color=\u00a0\u00bbcustom\u00a0\u00bb custom_title_color=\u00a0\u00bb#bfbfbf\u00a0\u00bb columns=\u00a0\u00bbxs:1;lg:1&Prime; items=\u00a0\u00bb%5B%7B%22item_title%22%3A%22L&rsquo;exp%C3%A9rience%20%C3%A0%20votre%20service%22%7D%2C%7B%22item_title%22%3A%22Conseils%20professionnels%22%7D%2C%7B%22item_title%22%3A%22Accompagnement%20personnalis%C3%A9%22%7D%2C%7B%22item_title%22%3A%22Garantie%20d%C3%A9cennale%20-%20QBE%22%7D%2C%7B%22item_title%22%3A%22Meilleur%20rapport%20qualit%C3%A9%20%2F%20prix%22%7D%5D\u00a0\u00bb lg_spacing=\u00a0\u00bbmargin_bottom:35&Prime;][tm_button size=\u00a0\u00bbsm\u00a0\u00bb color=\u00a0\u00bbcustom\u00a0\u00bb button_bg_color=\u00a0\u00bbcustom\u00a0\u00bb font_color=\u00a0\u00bbcustom\u00a0\u00bb button_border_color=\u00a0\u00bbcustom\u00a0\u00bb button_icon_color=\u00a0\u00bb\u00a0\u00bb button_bg_color_hover=\u00a0\u00bbcustom\u00a0\u00bb font_color_hover=\u00a0\u00bbprimary\u00a0\u00bb button_border_color_hover=\u00a0\u00bbcustom\u00a0\u00bb button_icon_color_hover=\u00a0\u00bb\u00a0\u00bb button=\u00a0\u00bburl:https%3A%2F%2Fcouvreur-95-colombus.fr%2Fdevis-gratuit%2F|title:DEVIS%20%26%20D%C3%89PLACEMENT%20GRATUITS\u00a0\u00bb custom_font_color=\u00a0\u00bb#ffffff\u00a0\u00bb custom_button_bg_color_hover=\u00a0\u00bb#ffffff\u00a0\u00bb custom_button_border_color_hover=\u00a0\u00bb#ffffff\u00a0\u00bb custom_button_bg_color=\u00a0\u00bb#a41c20&Prime; custom_button_border_color=\u00a0\u00bb#a41c20&Prime;][\/vc_column_inner][\/vc_row_inner][\/vc_column][\/vc_row][vc_row full_width=\u00a0\u00bbstretch_row_content_no_spaces\u00a0\u00bb][vc_column][vc_cta h2=\u00a0\u00bbDevis traitement charpente gratuit !\u00a0\u00bb txt_align=\u00a0\u00bbcenter\u00a0\u00bb shape=\u00a0\u00bbsquare\u00a0\u00bb add_button=\u00a0\u00bbbottom\u00a0\u00bb btn_title=\u00a0\u00bbDemandez votre devis\u00a0\u00bb btn_shape=\u00a0\u00bbsquare\u00a0\u00bb btn_color=\u00a0\u00bbblack\u00a0\u00bb btn_align=\u00a0\u00bbcenter\u00a0\u00bb css=\u00a0\u00bb.vc_custom_1741893029765{margin-bottom: 0px !important;}\u00a0\u00bb btn_link=\u00a0\u00bburl:https%3A%2F%2Fcouvreur-95-colombus.fr%2Fdevis-gratuit%2F|title:Devis%20gratuit\u00a0\u00bb]Comme dans tous les travaux, il est n\u00e9cessaire de savoir ce qui vous attend dans votre projet traitement de charpente dans le 95, que ce soit sur les d\u00e9penses \u00e0 engager ou les travaux proprement dites. L\u2019entreprise M.B Colombus \u00e0 Argenteuil vous aide en vous offrant un devis traitement charpente gratuit qui ne comporte aucun engagement. Pour vous permettre de profiter de sa prestation de qualit\u00e9, M.B Colombus a d\u00e9j\u00e0 ajust\u00e9 \u00e0 votre budget son tarif.[\/vc_cta][\/vc_column][\/vc_row][vc_row full_width=\u00a0\u00bbstretch_row\u00a0\u00bb content_placement=\u00a0\u00bbmiddle\u00a0\u00bb background_color=\u00a0\u00bbprimary\u00a0\u00bb lg_spacing=\u00a0\u00bbpadding_top:55;padding_bottom:55&Prime;][vc_column width=\u00a0\u00bb2\/3&Prime;][tm_heading custom_google_font=\u00a0\u00bb\u00a0\u00bb text_color=\u00a0\u00bbcustom\u00a0\u00bb custom_text_color=\u00a0\u00bb#ffffff\u00a0\u00bb text=\u00a0\u00bbBesoin d&rsquo;un traitement de charpente ?\u00a0\u00bb font_size=\u00a0\u00bblg:36&Prime; xs_spacing=\u00a0\u00bbmargin_bottom:20&Prime;][\/vc_column][vc_column width=\u00a0\u00bb1\/3&Prime;][tm_button align=\u00a0\u00bbright\u00a0\u00bb xs_align=\u00a0\u00bbleft\u00a0\u00bb color=\u00a0\u00bbcustom\u00a0\u00bb button_bg_color=\u00a0\u00bbcustom\u00a0\u00bb font_color=\u00a0\u00bbcustom\u00a0\u00bb button_border_color=\u00a0\u00bbcustom\u00a0\u00bb button_icon_color=\u00a0\u00bbsecondary\u00a0\u00bb button_bg_color_hover=\u00a0\u00bbcustom\u00a0\u00bb font_color_hover=\u00a0\u00bbcustom\u00a0\u00bb button_border_color_hover=\u00a0\u00bbcustom\u00a0\u00bb button_icon_color_hover=\u00a0\u00bb\u00a0\u00bb button=\u00a0\u00bburl:https%3A%2F%2Fcouvreur-95-colombus.fr%2Fdevis-gratuit%2F|title:CONTACTEZ-NOUS\u00a0\u00bb custom_font_color=\u00a0\u00bb#222222&Prime; custom_button_bg_color=\u00a0\u00bb#ffffff\u00a0\u00bb custom_button_border_color=\u00a0\u00bb#ffffff\u00a0\u00bb custom_font_color_hover=\u00a0\u00bb#ffffff\u00a0\u00bb custom_button_bg_color_hover=\u00a0\u00bb#a41c20&Prime; custom_button_border_color_hover=\u00a0\u00bb#a41c20&Prime;][\/vc_column][\/vc_row]\n<\/div>","protected":false},"excerpt":{"rendered":"<p>[vc_row full_width=\u00a0\u00bbstretch_row_content_no_spaces\u00a0\u00bb content_placement=\u00a0\u00bbmiddle\u00a0\u00bb background_color=\u00a0\u00bbcustom\u00a0\u00bb custom_background_color=\u00a0\u00bb#f7f7f7&Prime;][vc_column width=\u00a0\u00bb5\/12&Prime;][tm_image full_wide=\u00a0\u00bb1&Prime; image=\u00a0\u00bb7240&Prime;][\/vc_column][vc_column width=\u00a0\u00bb7\/12&Prime;][vc_row_inner lg_spacing=\u00a0\u00bbpadding_top:60;padding_right:100;padding_bottom:60;padding_left:100&Prime; md_spacing=\u00a0\u00bbpadding_right:80;padding_left:80&Prime; sm_spacing=\u00a0\u00bbpadding_right:50;padding_left:50&Prime; xs_spacing=\u00a0\u00bbpadding_right:30;padding_left:30&Prime;][vc_column_inner][tm_heading style=\u00a0\u00bbwith-separator-04&Prime; tag=\u00a0\u00bbh2&Prime; custom_google_font=\u00a0\u00bb\u00a0\u00bb text=\u00a0\u00bbTraitement de charpente\u00a0\u00bb font_size=\u00a0\u00bbxs:26;sm:26;lg:40&Prime; css=\u00a0\u00bb.vc_custom_1741892900943{margin-bottom: 30px !important;}\u00a0\u00bb][vc_column_text css=\u00a0\u00bb\u00a0\u00bb] Quelle que soit la nature de votre charpente \u00e0 Argenteuil, l\u2019entreprise M.B Colombus intervient rapidement pour assurer un traitement pr\u00e9ventif et curatif efficace. Cette \u00e9tape essentielle permet de prot\u00e9ger votre structure contre les attaques d\u2019insectes xylophages, comme les termites et les capricornes, ainsi que contre les champignons lignivores, responsables de la d\u00e9gradation du bois. Selon l\u2019\u00e9tat de votre charpente, nous appliquons des proc\u00e9d\u00e9s adapt\u00e9s, allant de l\u2019injection en profondeur de produits fongicides et insecticides \u00e0 la pulv\u00e9risation de solutions traitantes pour une action pr\u00e9ventive longue dur\u00e9e. Si votre charpente pr\u00e9sente des signes de fragilisation, un diagnostic approfondi est r\u00e9alis\u00e9 pour d\u00e9terminer les r\u00e9parations n\u00e9cessaires avant l\u2019application du traitement. M.B Colombus vous propose une \u00e9tude gratuite de votre projet et un devis sans engagement, garantissant des prestations au meilleur prix sans compromis sur la qualit\u00e9. [\/vc_column_text][tm_spacer size=\u00a0\u00bblg:20&Prime;][tm_button size=\u00a0\u00bbsm\u00a0\u00bb button=\u00a0\u00bburl:https%3A%2F%2Fcouvreur-95-colombus.fr%2Fdevis-gratuit%2F|title:Contactez-nous\u00a0\u00bb][\/vc_column_inner][\/vc_row_inner][\/vc_column][\/vc_row][vc_row lg_spacing=\u00a0\u00bbpadding_top:80;padding_bottom:40&Prime;][vc_column width=\u00a0\u00bb5\/12&Prime;][tm_heading style=\u00a0\u00bbwith-separator-04&Prime; custom_google_font=\u00a0\u00bb\u00a0\u00bb text=\u00a0\u00bbTraitement sur-mesure\u00a0\u00bb font_size=\u00a0\u00bbxs:26;sm:26;lg:30&Prime; css=\u00a0\u00bb.vc_custom_1741892968116{margin-bottom: 25px !important;}\u00a0\u00bb][tm_image align=\u00a0\u00bbcenter\u00a0\u00bb image=\u00a0\u00bb7243&Prime; lg_spacing=\u00a0\u00bbmargin_bottom:35&Prime;][\/vc_column][vc_column width=\u00a0\u00bb7\/12&Prime;][vc_column_text css=\u00a0\u00bb.vc_custom_1675342219274{margin-bottom: 30px !important;}\u00a0\u00bb] M.B Colombus, charpentier \u00e0 Argenteuil vous propose ses services traitement charpente dans le 95 pour profiter pleinement d\u2019une ossature de toit robuste et p\u00e9renne durant plusieurs ann\u00e9es. [\/vc_column_text][vc_row_inner][vc_column_inner width=\u00a0\u00bb1\/2&Prime;][vc_column_text css=\u00a0\u00bb.vc_custom_1675342226848{margin-bottom: 25px !important;}\u00a0\u00bb][\/vc_column_text][\/vc_column_inner][vc_column_inner width=\u00a0\u00bb1\/2&Prime;][tm_list list_style=\u00a0\u00bbmodern-icon-03&Prime; columns=\u00a0\u00bbxs:1;sm:1;lg:1&Prime; items=\u00a0\u00bb%5B%7B%22item_title%22%3A%22Zone%20d&rsquo;intervention%22%2C%22item_desc%22%3A%22Val%20D&rsquo;Oise%2095%22%2C%22icon%22%3A%22ion-ios-location%22%7D%2C%7B%22item_title%22%3A%22Horaires%20d&rsquo;ouverture%22%2C%22item_desc%22%3A%22Ouvert%2024h%2F24%22%2C%22icon%22%3A%22ion-ios-timer%22%7D%2C%7B%22item_title%22%3A%22T%C3%A9l%C3%A9phone%22%2C%22icon%22%3A%22ion-ios-telephone%22%7D%5D\u00a0\u00bb][vc_column_text] M.B Colombus Couvreur 95T\u00e9l.07 67 76 39 05 [\/vc_column_text][vc_column_text css=\u00a0\u00bb.vc_custom_1675342379897{margin-bottom: 20px !important;}\u00a0\u00bb]M.B Colombus Couvreur 95T\u00e9l.09 83 20 96 16[\/vc_column_text][\/vc_column_inner][\/vc_row_inner][\/vc_column][\/vc_row][vc_row full_width=\u00a0\u00bbstretch_row_content_no_spaces\u00a0\u00bb content_placement=\u00a0\u00bbmiddle\u00a0\u00bb background_color=\u00a0\u00bbcustom\u00a0\u00bb custom_background_color=\u00a0\u00bb#111111&Prime;][vc_column width=\u00a0\u00bb1\/2&Prime;][tm_image full_wide=\u00a0\u00bb1&Prime; image=\u00a0\u00bb7221&Prime;][\/vc_column][vc_column width=\u00a0\u00bb1\/2&Prime; background_image=\u00a0\u00bb7134&Prime;][vc_row_inner lg_spacing=\u00a0\u00bbpadding_top:60;padding_right:100;padding_bottom:60;padding_left:100&Prime; max_width=\u00a0\u00bb800px\u00a0\u00bb md_spacing=\u00a0\u00bbpadding_right:80;padding_left:80&Prime; sm_spacing=\u00a0\u00bbpadding_right:50;padding_left:50&Prime; xs_spacing=\u00a0\u00bbpadding_right:30;padding_left:30&Prime;][vc_column_inner][tm_heading custom_google_font=\u00a0\u00bb\u00a0\u00bb text_color=\u00a0\u00bbcustom\u00a0\u00bb custom_text_color=\u00a0\u00bb#ffffff\u00a0\u00bb text=\u00a0\u00bbCharpentiers qualifi\u00e9s\u00a0\u00bb font_size=\u00a0\u00bbxs:26;sm:26;lg:40&Prime; css=\u00a0\u00bb.vc_custom_1652174386922{margin-bottom: 10px !important;}\u00a0\u00bb][tm_heading custom_google_font=\u00a0\u00bb\u00a0\u00bb text_color=\u00a0\u00bbcustom\u00a0\u00bb custom_text_color=\u00a0\u00bb#a41c20&Prime; icon_type=\u00a0\u00bbfontawesome\u00a0\u00bb icon_fontawesome=\u00a0\u00bbfas fa-map-marker-alt\u00a0\u00bb text=\u00a0\u00bbDans le Val d&rsquo;Oise 95&Prime; font_size=\u00a0\u00bbxs:16;sm:16;md:25;lg:25&Prime; css=\u00a0\u00bb.vc_custom_1675342252919{margin-bottom: 30px !important;}\u00a0\u00bb][tm_list list_style=\u00a0\u00bbcheck-02&Prime; marker_color=\u00a0\u00bbcustom\u00a0\u00bb custom_marker_color=\u00a0\u00bb#ffffff\u00a0\u00bb title_color=\u00a0\u00bbcustom\u00a0\u00bb custom_title_color=\u00a0\u00bb#bfbfbf\u00a0\u00bb columns=\u00a0\u00bbxs:1;lg:1&Prime; items=\u00a0\u00bb%5B%7B%22item_title%22%3A%22L&rsquo;exp%C3%A9rience%20%C3%A0%20votre%20service%22%7D%2C%7B%22item_title%22%3A%22Conseils%20professionnels%22%7D%2C%7B%22item_title%22%3A%22Accompagnement%20personnalis%C3%A9%22%7D%2C%7B%22item_title%22%3A%22Garantie%20d%C3%A9cennale%20-%20QBE%22%7D%2C%7B%22item_title%22%3A%22Meilleur%20rapport%20qualit%C3%A9%20%2F%20prix%22%7D%5D\u00a0\u00bb lg_spacing=\u00a0\u00bbmargin_bottom:35&Prime;][tm_button size=\u00a0\u00bbsm\u00a0\u00bb color=\u00a0\u00bbcustom\u00a0\u00bb button_bg_color=\u00a0\u00bbcustom\u00a0\u00bb font_color=\u00a0\u00bbcustom\u00a0\u00bb button_border_color=\u00a0\u00bbcustom\u00a0\u00bb button_icon_color=\u00a0\u00bb\u00a0\u00bb button_bg_color_hover=\u00a0\u00bbcustom\u00a0\u00bb font_color_hover=\u00a0\u00bbprimary\u00a0\u00bb button_border_color_hover=\u00a0\u00bbcustom\u00a0\u00bb button_icon_color_hover=\u00a0\u00bb\u00a0\u00bb button=\u00a0\u00bburl:https%3A%2F%2Fcouvreur-95-colombus.fr%2Fdevis-gratuit%2F|title:DEVIS%20%26%20D%C3%89PLACEMENT%20GRATUITS\u00a0\u00bb custom_font_color=\u00a0\u00bb#ffffff\u00a0\u00bb custom_button_bg_color_hover=\u00a0\u00bb#ffffff\u00a0\u00bb custom_button_border_color_hover=\u00a0\u00bb#ffffff\u00a0\u00bb custom_button_bg_color=\u00a0\u00bb#a41c20&Prime; custom_button_border_color=\u00a0\u00bb#a41c20&Prime;][\/vc_column_inner][\/vc_row_inner][\/vc_column][\/vc_row][vc_row full_width=\u00a0\u00bbstretch_row_content_no_spaces\u00a0\u00bb][vc_column][vc_cta h2=\u00a0\u00bbDevis traitement charpente gratuit !\u00a0\u00bb txt_align=\u00a0\u00bbcenter\u00a0\u00bb shape=\u00a0\u00bbsquare\u00a0\u00bb add_button=\u00a0\u00bbbottom\u00a0\u00bb btn_title=\u00a0\u00bbDemandez votre devis\u00a0\u00bb btn_shape=\u00a0\u00bbsquare\u00a0\u00bb btn_color=\u00a0\u00bbblack\u00a0\u00bb btn_align=\u00a0\u00bbcenter\u00a0\u00bb css=\u00a0\u00bb.vc_custom_1741893029765{margin-bottom: 0px !important;}\u00a0\u00bb btn_link=\u00a0\u00bburl:https%3A%2F%2Fcouvreur-95-colombus.fr%2Fdevis-gratuit%2F|title:Devis%20gratuit\u00a0\u00bb]Comme dans tous les travaux, il est n\u00e9cessaire de savoir ce qui vous attend dans votre projet traitement de charpente dans le 95, que ce soit sur les d\u00e9penses \u00e0 engager ou les travaux proprement dites. L\u2019entreprise M.B Colombus \u00e0 Argenteuil vous aide en vous offrant un devis traitement charpente gratuit qui ne comporte aucun engagement. Pour vous permettre de profiter de sa prestation de qualit\u00e9, M.B Colombus a d\u00e9j\u00e0 ajust\u00e9 \u00e0 votre budget son tarif.[\/vc_cta][\/vc_column][\/vc_row][vc_row full_width=\u00a0\u00bbstretch_row\u00a0\u00bb content_placement=\u00a0\u00bbmiddle\u00a0\u00bb background_color=\u00a0\u00bbprimary\u00a0\u00bb lg_spacing=\u00a0\u00bbpadding_top:55;padding_bottom:55&Prime;][vc_column width=\u00a0\u00bb2\/3&Prime;][tm_heading custom_google_font=\u00a0\u00bb\u00a0\u00bb text_color=\u00a0\u00bbcustom\u00a0\u00bb custom_text_color=\u00a0\u00bb#ffffff\u00a0\u00bb text=\u00a0\u00bbBesoin d&rsquo;un traitement de charpente ?\u00a0\u00bb font_size=\u00a0\u00bblg:36&Prime; xs_spacing=\u00a0\u00bbmargin_bottom:20&Prime;][\/vc_column][vc_column width=\u00a0\u00bb1\/3&Prime;][tm_button align=\u00a0\u00bbright\u00a0\u00bb xs_align=\u00a0\u00bbleft\u00a0\u00bb color=\u00a0\u00bbcustom\u00a0\u00bb button_bg_color=\u00a0\u00bbcustom\u00a0\u00bb font_color=\u00a0\u00bbcustom\u00a0\u00bb button_border_color=\u00a0\u00bbcustom\u00a0\u00bb button_icon_color=\u00a0\u00bbsecondary\u00a0\u00bb button_bg_color_hover=\u00a0\u00bbcustom\u00a0\u00bb font_color_hover=\u00a0\u00bbcustom\u00a0\u00bb button_border_color_hover=\u00a0\u00bbcustom\u00a0\u00bb button_icon_color_hover=\u00a0\u00bb\u00a0\u00bb button=\u00a0\u00bburl:https%3A%2F%2Fcouvreur-95-colombus.fr%2Fdevis-gratuit%2F|title:CONTACTEZ-NOUS\u00a0\u00bb custom_font_color=\u00a0\u00bb#222222&Prime; custom_button_bg_color=\u00a0\u00bb#ffffff\u00a0\u00bb custom_button_border_color=\u00a0\u00bb#ffffff\u00a0\u00bb custom_font_color_hover=\u00a0\u00bb#ffffff\u00a0\u00bb custom_button_bg_color_hover=\u00a0\u00bb#a41c20&Prime; custom_button_border_color_hover=\u00a0\u00bb#a41c20&Prime;][\/vc_column][\/vc_row]<\/p>\n","protected":false},"author":1,"featured_media":7243,"parent":0,"menu_order":0,"comment_status":"closed","ping_status":"closed","template":"","meta":{"footnotes":""},"class_list":["post-6913","page","type-page","status-publish","has-post-thumbnail","hentry"],"_links":{"self":[{"href":"https:\/\/couvreur-95-colombus.fr\/index.php?rest_route=\/wp\/v2\/pages\/6913","targetHints":{"allow":["GET"]}}],"collection":[{"href":"https:\/\/couvreur-95-colombus.fr\/index.php?rest_route=\/wp\/v2\/pages"}],"about":[{"href":"https:\/\/couvreur-95-colombus.fr\/index.php?rest_route=\/wp\/v2\/types\/page"}],"author":[{"embeddable":true,"href":"https:\/\/couvreur-95-colombus.fr\/index.php?rest_route=\/wp\/v2\/users\/1"}],"replies":[{"embeddable":true,"href":"https:\/\/couvreur-95-colombus.fr\/index.php?rest_route=%2Fwp%2Fv2%2Fcomments&post=6913"}],"version-history":[{"count":5,"href":"https:\/\/couvreur-95-colombus.fr\/index.php?rest_route=\/wp\/v2\/pages\/6913\/revisions"}],"predecessor-version":[{"id":9396,"href":"https:\/\/couvreur-95-colombus.fr\/index.php?rest_route=\/wp\/v2\/pages\/6913\/revisions\/9396"}],"wp:featuredmedia":[{"embeddable":true,"href":"https:\/\/couvreur-95-colombus.fr\/index.php?rest_route=\/wp\/v2\/media\/7243"}],"wp:attachment":[{"href":"https:\/\/couvreur-95-colombus.fr\/index.php?rest_route=%2Fwp%2Fv2%2Fmedia&parent=6913"}],"curies":[{"name":"wp","href":"https:\/\/api.w.org\/{rel}","templated":true}]}}